{"id":8,"date":"2021-03-20T13:50:18","date_gmt":"2021-03-20T12:50:18","guid":{"rendered":"https:\/\/pabelick.eu\/?page_id=8"},"modified":"2021-03-20T14:25:58","modified_gmt":"2021-03-20T13:25:58","slug":"startseite","status":"publish","type":"page","link":"https:\/\/pabelick.eu\/","title":{"rendered":"Startseite"},"content":{"rendered":"\n<p>Als Rechtsanw\u00e4ltin betreue und berate ich Institutionen, Unternehmen und Einzelpersonen auf den Gebieten Arbeitsrecht, europ\u00e4isches und internationales Recht, Gesellschafts-, Familien- und Jagdrecht. Mein Schwerpunkt als Fachanw\u00e4ltin f\u00fcr Arbeitsrecht liegt auf in Deutschland gegr\u00fcndeten oder zu gr\u00fcndenden Tochterfirmen international agierender Unternehmen. Im Bedarfsfall kooperiere ich mit international lizensierten Partnern.<\/p>\n","protected":false},"excerpt":{"rendered":"<p>Als Rechtsanw\u00e4ltin betreue und berate ich Institutionen, Unternehmen und Einzelpersonen auf den Gebieten Arbeitsrecht, europ\u00e4isches und internationales Recht, Gesellschafts-, Familien- und Jagdrecht. Mein Schwerpunkt als Fachanw\u00e4ltin f\u00fcr Arbeitsrecht liegt auf in Deutschland gegr\u00fcndeten oder zu gr\u00fcndenden Tochterfirmen international agierender Unternehmen. Im Bedarfsfall kooperiere ich mit international lizensierten Partnern.<\/p>\n","protected":false},"author":1,"featured_media":0,"parent":0,"menu_order":0,"comment_status":"closed","ping_status":"closed","template":"","meta":{"footnotes":""},"_links":{"self":[{"href":"https:\/\/pabelick.eu\/index.php?rest_route=\/wp\/v2\/pages\/8"}],"collection":[{"href":"https:\/\/pabelick.eu\/index.php?rest_route=\/wp\/v2\/pages"}],"about":[{"href":"https:\/\/pabelick.eu\/index.php?rest_route=\/wp\/v2\/types\/page"}],"author":[{"embeddable":true,"href":"https:\/\/pabelick.eu\/index.php?rest_route=\/wp\/v2\/users\/1"}],"replies":[{"embeddable":true,"href":"https:\/\/pabelick.eu\/index.php?rest_route=%2Fwp%2Fv2%2Fcomments&post=8"}],"version-history":[{"count":2,"href":"https:\/\/pabelick.eu\/index.php?rest_route=\/wp\/v2\/pages\/8\/revisions"}],"predecessor-version":[{"id":37,"href":"https:\/\/pabelick.eu\/index.php?rest_route=\/wp\/v2\/pages\/8\/revisions\/37"}],"wp:attachment":[{"href":"https:\/\/pabelick.eu\/index.php?rest_route=%2Fwp%2Fv2%2Fmedia&parent=8"}],"curies":[{"name":"wp","href":"https:\/\/api.w.org\/{rel}","templated":true}]}}

<p>Als Rechtsanwältin betreue und berate ich Institutionen, Unternehmen und Einzelpersonen auf den Gebieten Arbeitsrecht, europäisches und internationales Recht, Gesellschafts-, Familien- und Jagdrecht. Mein Schwerpunkt als Fachanwältin für Arbeitsrecht liegt auf in Deutschland gegründeten oder zu gründenden Tochterfirmen international agierender Unternehmen. Im Bedarfsfall kooperiere ich mit international lizensierten Partnern.</p>
