{"id":49,"date":"2021-03-20T14:41:17","date_gmt":"2021-03-20T13:41:17","guid":{"rendered":"https:\/\/pabelick.eu\/?page_id=49"},"modified":"2021-03-20T15:28:17","modified_gmt":"2021-03-20T14:28:17","slug":"kooperationspartner-und-mitgliedschaften","status":"publish","type":"page","link":"https:\/\/pabelick.eu\/?page_id=49","title":{"rendered":"Kooperationspartner und Mitgliedschaften"},"content":{"rendered":"\n<h1 class=\"wp-block-heading\" id=\"page-title\"><\/h1>\n\n\n\n<figure class=\"wp-block-table\"><table><tbody><tr><td><img decoding=\"async\" alt=\"\" src=\"https:\/\/www.pabelick.eu\/sites\/default\/files\/logo_djb.png\"><\/td><td><strong>Deutscher Juristinnen Bund<\/strong><br>gegr\u00fcndet 1948 als Zusammenschulss von Juristinnen, Volks- und Betriebswirtinnen zur Fortentwicklung des Rechts. Er ist unabh\u00e4ngig, \u00fcberparteilich und \u00fcberkonfessionell. Von 2003 bis 2007 war ich als Mitglied&nbsp; des Vorstands der Regionalgruppe D\u00fcsseldorf&nbsp; aktiv und habe mich besonders f\u00fcr die Nachwuchsf\u00f6rderung: &#8222;Frauen in juristischen Berufen&#8220; eingesetzt.<\/td><\/tr><tr><td><img decoding=\"async\" alt=\"\" src=\"https:\/\/www.pabelick.eu\/sites\/default\/files\/logo_dav.png\"><\/td><td><strong>Deutscher Anwaltsverein<\/strong> <strong>\/ D\u00fcsseldorfer Anwaltverein<\/strong><br>Zweck des 1871 gegr\u00fcndeten Deutschen Anwaltvereins (DAV) ist die Wahrung, Pflege und F\u00f6rderung aller beruflichen und wirtschaftlichen Interessen der Anwaltschaft. Er f\u00f6rdert Rechtspflege und Gesetzgebung, bietet Aus- und Fortbildungen an und pflegt Gemeinsinn und wissenschaftlichen Geist der Rechtsanwaltschaft.<\/td><\/tr><tr><td>&nbsp;<\/td><td>&nbsp;<\/td><\/tr><tr><td><img decoding=\"async\" alt=\"\" src=\"https:\/\/www.pabelick.eu\/sites\/default\/files\/logo_ljv.png\"><\/td><td><strong>Landesjagdverband NRW<\/strong>Allen Vorurteilem zum Trotz: In Nordrhein-Westfalen gibt es weitl\u00e4ufige Kulturland-schaften, die sich durch gro\u00dfen Artenreichtum der Wildtiere auszeichnen. Die J\u00e4ger im Landesverband bem\u00fchen sich mit pers\u00f6nlichem und finanziellem Einsatz darum, diesen Zustand zu erhalten oder zu verbessern. Damit auch unsere Kinder die Chance haben, Hasen und Hirsche, Rehe, Rebh\u00fchner und Wildschweine sehen zu k\u00f6nnen.<\/td><\/tr><tr><td>&nbsp;<\/td><td>&nbsp;<\/td><\/tr><tr><td><img decoding=\"async\" alt=\"\" src=\"https:\/\/www.pabelick.eu\/sites\/default\/files\/logo_zonta.png\"><\/td><td><strong>Zonta Club D\u00fcsseldorf II &#8211; Mitglied des Vorstandes<\/strong><a href=\"http:\/\/zonta-duesseldorf-2.org\">Zonta International<\/a>&nbsp;ist ein weltweiter Zusammenschluss berufst\u00e4tiger Frauen in verantwortungsvollen Positionen, die sich daf\u00fcr einsetzen, die Lebenssituation von Frauen im rechtlichen, politischen, wirtschaftlichen und beruflichen Bereich zu verbessern. Zonta International ist \u00fcberparteilich, \u00fcberkonfessionell und weltanschaulich neutral. Pflege von Freundschaft und gegenseitige Hilfe ist ein wesentliches Element unseres Zusammenseins. Daf\u00fcr steht das Motto &#8222;Zonta ist Begegnung &#8211; weltweit&#8220;.<\/td><\/tr><\/tbody><\/table><\/figure>\n","protected":false},"excerpt":{"rendered":"<p>Deutscher Juristinnen Bundgegr\u00fcndet 1948 als Zusammenschulss von Juristinnen, Volks- und Betriebswirtinnen zur Fortentwicklung des Rechts. Er ist unabh\u00e4ngig, \u00fcberparteilich und \u00fcberkonfessionell. Von 2003 bis 2007 war ich als Mitglied&nbsp; des Vorstands der Regionalgruppe D\u00fcsseldorf&nbsp; aktiv und habe mich besonders f\u00fcr die Nachwuchsf\u00f6rderung: &#8222;Frauen in juristischen Berufen&#8220; eingesetzt. Deutscher Anwaltsverein \/ D\u00fcsseldorfer AnwaltvereinZweck des 1871 gegr\u00fcndeten &hellip; <\/p>\n<p class=\"link-more\"><a href=\"https:\/\/pabelick.eu\/?page_id=49\" class=\"more-link\"><span class=\"screen-reader-text\">\u201eKooperationspartner und Mitgliedschaften\u201c<\/span> weiterlesen<\/a><\/p>\n","protected":false},"author":1,"featured_media":0,"parent":0,"menu_order":0,"comment_status":"closed","ping_status":"closed","template":"","meta":{"footnotes":""},"_links":{"self":[{"href":"https:\/\/pabelick.eu\/index.php?rest_route=\/wp\/v2\/pages\/49"}],"collection":[{"href":"https:\/\/pabelick.eu\/index.php?rest_route=\/wp\/v2\/pages"}],"about":[{"href":"https:\/\/pabelick.eu\/index.php?rest_route=\/wp\/v2\/types\/page"}],"author":[{"embeddable":true,"href":"https:\/\/pabelick.eu\/index.php?rest_route=\/wp\/v2\/users\/1"}],"replies":[{"embeddable":true,"href":"https:\/\/pabelick.eu\/index.php?rest_route=%2Fwp%2Fv2%2Fcomments&post=49"}],"version-history":[{"count":3,"href":"https:\/\/pabelick.eu\/index.php?rest_route=\/wp\/v2\/pages\/49\/revisions"}],"predecessor-version":[{"id":67,"href":"https:\/\/pabelick.eu\/index.php?rest_route=\/wp\/v2\/pages\/49\/revisions\/67"}],"wp:attachment":[{"href":"https:\/\/pabelick.eu\/index.php?rest_route=%2Fwp%2Fv2%2Fmedia&parent=49"}],"curies":[{"name":"wp","href":"https:\/\/api.w.org\/{rel}","templated":true}]}}

<h1 class="wp-block-heading" id="page-title"></h1>



<figure class="wp-block-table"><table><tbody><tr><td><img decoding="async" alt="" src="https://www.pabelick.eu/sites/default/files/logo_djb.png"></td><td><strong>Deutscher Juristinnen Bund</strong><br>gegründet 1948 als Zusammenschulss von Juristinnen, Volks- und Betriebswirtinnen zur Fortentwicklung des Rechts. Er ist unabhängig, überparteilich und überkonfessionell. Von 2003 bis 2007 war ich als Mitglied&nbsp; des Vorstands der Regionalgruppe Düsseldorf&nbsp; aktiv und habe mich besonders für die Nachwuchsförderung: &#8222;Frauen in juristischen Berufen&#8220; eingesetzt.</td></tr><tr><td><img decoding="async" alt="" src="https://www.pabelick.eu/sites/default/files/logo_dav.png"></td><td><strong>Deutscher Anwaltsverein</strong> <strong>/ Düsseldorfer Anwaltverein</strong><br>Zweck des 1871 gegründeten Deutschen Anwaltvereins (DAV) ist die Wahrung, Pflege und Förderung aller beruflichen und wirtschaftlichen Interessen der Anwaltschaft. Er fördert Rechtspflege und Gesetzgebung, bietet Aus- und Fortbildungen an und pflegt Gemeinsinn und wissenschaftlichen Geist der Rechtsanwaltschaft.</td></tr><tr><td>&nbsp;</td><td>&nbsp;</td></tr><tr><td><img decoding="async" alt="" src="https://www.pabelick.eu/sites/default/files/logo_ljv.png"></td><td><strong>Landesjagdverband NRW</strong>Allen Vorurteilem zum Trotz: In Nordrhein-Westfalen gibt es weitläufige Kulturland-schaften, die sich durch großen Artenreichtum der Wildtiere auszeichnen. Die Jäger im Landesverband bemühen sich mit persönlichem und finanziellem Einsatz darum, diesen Zustand zu erhalten oder zu verbessern. Damit auch unsere Kinder die Chance haben, Hasen und Hirsche, Rehe, Rebhühner und Wildschweine sehen zu können.</td></tr><tr><td>&nbsp;</td><td>&nbsp;</td></tr><tr><td><img decoding="async" alt="" src="https://www.pabelick.eu/sites/default/files/logo_zonta.png"></td><td><strong>Zonta Club Düsseldorf II &#8211; Mitglied des Vorstandes</strong><a href="http://zonta-duesseldorf-2.org">Zonta International</a>&nbsp;ist ein weltweiter Zusammenschluss berufstätiger Frauen in verantwortungsvollen Positionen, die sich dafür einsetzen, die Lebenssituation von Frauen im rechtlichen, politischen, wirtschaftlichen und beruflichen Bereich zu verbessern. Zonta International ist überparteilich, überkonfessionell und weltanschaulich neutral. Pflege von Freundschaft und gegenseitige Hilfe ist ein wesentliches Element unseres Zusammenseins. Dafür steht das Motto &#8222;Zonta ist Begegnung &#8211; weltweit&#8220;.</td></tr></tbody></table></figure>

<p>Deutscher Juristinnen Bundgegründet 1948 als Zusammenschulss von Juristinnen, Volks- und Betriebswirtinnen zur Fortentwicklung des Rechts. Er ist unabhängig, überparteilich und überkonfessionell. Von 2003 bis 2007 war ich als Mitglied&nbsp; des Vorstands der Regionalgruppe Düsseldorf&nbsp; aktiv und habe mich besonders für die Nachwuchsförderung: &#8222;Frauen in juristischen Berufen&#8220; eingesetzt. Deutscher Anwaltsverein / Düsseldorfer AnwaltvereinZweck des 1871 gegründeten &hellip; </p>
<p class="link-more"><a href="https://pabelick.eu/?page_id=49" class="more-link"><span class="screen-reader-text">„Kooperationspartner und Mitgliedschaften“</span> weiterlesen</a></p>
