{"id":48,"date":"2021-03-20T14:41:17","date_gmt":"2021-03-20T13:41:17","guid":{"rendered":"https:\/\/pabelick.eu\/?page_id=48"},"modified":"2021-03-20T14:44:01","modified_gmt":"2021-03-20T13:44:01","slug":"beratung-und-vertretung","status":"publish","type":"page","link":"https:\/\/pabelick.eu\/?page_id=48","title":{"rendered":"Beratung und Vertretung"},"content":{"rendered":"\n<h1 class=\"wp-block-heading\" id=\"page-title\">Arbeitsrecht<\/h1>\n\n\n\n<p><strong>Arbeitnehmer<\/strong> vertrete ich u.a. bei K\u00fcndigung, K\u00fcndigungsschutzklage, Abmahnung, Streit um Anspr\u00fcche aus dem Arbeitsvertrag, Entsendung ins Ausland. Weitere Schwerpunkte im <strong>individuellen Arbeitsrecht<\/strong> sind Entwurf und \u00dcberpr\u00fcfung von Arbeitsvertr\u00e4gen, Aufhebungsvertr\u00e4gen, nachvertragliches Wettbewerbsverbot, Arbeitnehmererfindungen, Zeugnis.<\/p>\n\n\n\n<p><strong>Leitende Angestellte, Gesch\u00e4ftsf\u00fchrer <\/strong>und <strong>Vorst\u00e4nde<\/strong> vertrete ich zudem zu den Besonderheiten, die sich aus der arbeitgebernahen Stellung bzw. der Organstellung ergeben im Dienstvertrag, bei K\u00fcndigung, Aufhebungsvertr\u00e4gen, Dienstwagenregelung, Wettbewerbsverbot, Bonusregelungen, Haftungsfragen.<\/p>\n\n\n\n<p>Auf <strong>Arbeitgeber<\/strong>-Seite (Inhaber, Personalabteilung) berate ich zus\u00e4tzlich zu allen Fragen rund um Arbeitsvertr\u00e4ge und Vertr\u00e4ge f\u00fcr Gesch\u00e4ftsf\u00fchrer, Vorst\u00e4nde, leitende Angestellte und unterst\u00fctze beim Outsourcing und bei Umstrukturierungen.<\/p>\n\n\n\n<p>Auf langj\u00e4hrige Erfahrung kann ich ebenfalls in der Beratung und Vertretung von <strong>Betriebsr\u00e4ten<\/strong> mit Schwerpunkt <strong>Europ\u00e4ische Betriebsr\u00e4te<\/strong> verweisen.Die Gr\u00fcndung eines Europ\u00e4ischen Betriebsrats durch Vereinbarung, das Entsendungsverfahren sowie seine Organisation und Handlunsgweise sind mir ebenso gel\u00e4ufig wie seine Rechte und Pflichten.<\/p>\n","protected":false},"excerpt":{"rendered":"<p>Arbeitsrecht Arbeitnehmer vertrete ich u.a. bei K\u00fcndigung, K\u00fcndigungsschutzklage, Abmahnung, Streit um Anspr\u00fcche aus dem Arbeitsvertrag, Entsendung ins Ausland. Weitere Schwerpunkte im individuellen Arbeitsrecht sind Entwurf und \u00dcberpr\u00fcfung von Arbeitsvertr\u00e4gen, Aufhebungsvertr\u00e4gen, nachvertragliches Wettbewerbsverbot, Arbeitnehmererfindungen, Zeugnis. Leitende Angestellte, Gesch\u00e4ftsf\u00fchrer und Vorst\u00e4nde vertrete ich zudem zu den Besonderheiten, die sich aus der arbeitgebernahen Stellung bzw. der Organstellung ergeben &hellip; <\/p>\n<p class=\"link-more\"><a href=\"https:\/\/pabelick.eu\/?page_id=48\" class=\"more-link\"><span class=\"screen-reader-text\">\u201eBeratung und Vertretung\u201c<\/span> weiterlesen<\/a><\/p>\n","protected":false},"author":1,"featured_media":0,"parent":0,"menu_order":0,"comment_status":"closed","ping_status":"closed","template":"","meta":{"footnotes":""},"_links":{"self":[{"href":"https:\/\/pabelick.eu\/index.php?rest_route=\/wp\/v2\/pages\/48"}],"collection":[{"href":"https:\/\/pabelick.eu\/index.php?rest_route=\/wp\/v2\/pages"}],"about":[{"href":"https:\/\/pabelick.eu\/index.php?rest_route=\/wp\/v2\/types\/page"}],"author":[{"embeddable":true,"href":"https:\/\/pabelick.eu\/index.php?rest_route=\/wp\/v2\/users\/1"}],"replies":[{"embeddable":true,"href":"https:\/\/pabelick.eu\/index.php?rest_route=%2Fwp%2Fv2%2Fcomments&post=48"}],"version-history":[{"count":2,"href":"https:\/\/pabelick.eu\/index.php?rest_route=\/wp\/v2\/pages\/48\/revisions"}],"predecessor-version":[{"id":54,"href":"https:\/\/pabelick.eu\/index.php?rest_route=\/wp\/v2\/pages\/48\/revisions\/54"}],"wp:attachment":[{"href":"https:\/\/pabelick.eu\/index.php?rest_route=%2Fwp%2Fv2%2Fmedia&parent=48"}],"curies":[{"name":"wp","href":"https:\/\/api.w.org\/{rel}","templated":true}]}}

<h1 class="wp-block-heading" id="page-title">Arbeitsrecht</h1>



<p><strong>Arbeitnehmer</strong> vertrete ich u.a. bei Kündigung, Kündigungsschutzklage, Abmahnung, Streit um Ansprüche aus dem Arbeitsvertrag, Entsendung ins Ausland. Weitere Schwerpunkte im <strong>individuellen Arbeitsrecht</strong> sind Entwurf und Überprüfung von Arbeitsverträgen, Aufhebungsverträgen, nachvertragliches Wettbewerbsverbot, Arbeitnehmererfindungen, Zeugnis.</p>



<p><strong>Leitende Angestellte, Geschäftsführer </strong>und <strong>Vorstände</strong> vertrete ich zudem zu den Besonderheiten, die sich aus der arbeitgebernahen Stellung bzw. der Organstellung ergeben im Dienstvertrag, bei Kündigung, Aufhebungsverträgen, Dienstwagenregelung, Wettbewerbsverbot, Bonusregelungen, Haftungsfragen.</p>



<p>Auf <strong>Arbeitgeber</strong>-Seite (Inhaber, Personalabteilung) berate ich zusätzlich zu allen Fragen rund um Arbeitsverträge und Verträge für Geschäftsführer, Vorstände, leitende Angestellte und unterstütze beim Outsourcing und bei Umstrukturierungen.</p>



<p>Auf langjährige Erfahrung kann ich ebenfalls in der Beratung und Vertretung von <strong>Betriebsräten</strong> mit Schwerpunkt <strong>Europäische Betriebsräte</strong> verweisen.Die Gründung eines Europäischen Betriebsrats durch Vereinbarung, das Entsendungsverfahren sowie seine Organisation und Handlunsgweise sind mir ebenso geläufig wie seine Rechte und Pflichten.</p>

<p>Arbeitsrecht Arbeitnehmer vertrete ich u.a. bei Kündigung, Kündigungsschutzklage, Abmahnung, Streit um Ansprüche aus dem Arbeitsvertrag, Entsendung ins Ausland. Weitere Schwerpunkte im individuellen Arbeitsrecht sind Entwurf und Überprüfung von Arbeitsverträgen, Aufhebungsverträgen, nachvertragliches Wettbewerbsverbot, Arbeitnehmererfindungen, Zeugnis. Leitende Angestellte, Geschäftsführer und Vorstände vertrete ich zudem zu den Besonderheiten, die sich aus der arbeitgebernahen Stellung bzw. der Organstellung ergeben &hellip; </p>
<p class="link-more"><a href="https://pabelick.eu/?page_id=48" class="more-link"><span class="screen-reader-text">„Beratung und Vertretung“</span> weiterlesen</a></p>
