{"id":10,"date":"2021-03-20T13:50:18","date_gmt":"2021-03-20T12:50:18","guid":{"rendered":"https:\/\/pabelick.eu\/?page_id=10"},"modified":"2021-03-20T14:32:20","modified_gmt":"2021-03-20T13:32:20","slug":"kontakt","status":"publish","type":"page","link":"https:\/\/pabelick.eu\/?page_id=10","title":{"rendered":"Kontakt"},"content":{"rendered":"\n<p>Judith Pabelick, LL.M.Eur.<br>Rechtsanw\u00e4ltin<br>Fachanw\u00e4ltin f\u00fcr Arbeitsrecht<\/p>\n\n\n\n<p>Immermannstra\u00dfe 10<br>40210 D\u00fcsseldorf<\/p>\n\n\n\n<p>Tel.: 0211 &#8211; 248629 &#8211; 15<br>Fax.: 0211 &#8211; 248629 &#8211; 16<\/p>\n","protected":false},"excerpt":{"rendered":"<p>Judith Pabelick, LL.M.Eur.Rechtsanw\u00e4ltinFachanw\u00e4ltin f\u00fcr Arbeitsrecht Immermannstra\u00dfe 1040210 D\u00fcsseldorf Tel.: 0211 &#8211; 248629 &#8211; 15Fax.: 0211 &#8211; 248629 &#8211; 16<\/p>\n","protected":false},"author":1,"featured_media":0,"parent":0,"menu_order":0,"comment_status":"closed","ping_status":"closed","template":"","meta":{"footnotes":""},"_links":{"self":[{"href":"https:\/\/pabelick.eu\/index.php?rest_route=\/wp\/v2\/pages\/10"}],"collection":[{"href":"https:\/\/pabelick.eu\/index.php?rest_route=\/wp\/v2\/pages"}],"about":[{"href":"https:\/\/pabelick.eu\/index.php?rest_route=\/wp\/v2\/types\/page"}],"author":[{"embeddable":true,"href":"https:\/\/pabelick.eu\/index.php?rest_route=\/wp\/v2\/users\/1"}],"replies":[{"embeddable":true,"href":"https:\/\/pabelick.eu\/index.php?rest_route=%2Fwp%2Fv2%2Fcomments&post=10"}],"version-history":[{"count":3,"href":"https:\/\/pabelick.eu\/index.php?rest_route=\/wp\/v2\/pages\/10\/revisions"}],"predecessor-version":[{"id":43,"href":"https:\/\/pabelick.eu\/index.php?rest_route=\/wp\/v2\/pages\/10\/revisions\/43"}],"wp:attachment":[{"href":"https:\/\/pabelick.eu\/index.php?rest_route=%2Fwp%2Fv2%2Fmedia&parent=10"}],"curies":[{"name":"wp","href":"https:\/\/api.w.org\/{rel}","templated":true}]}}

<p>Judith Pabelick, LL.M.Eur.<br>Rechtsanwältin<br>Fachanwältin für Arbeitsrecht</p>



<p>Immermannstraße 10<br>40210 Düsseldorf</p>



<p>Tel.: 0211 &#8211; 248629 &#8211; 15<br>Fax.: 0211 &#8211; 248629 &#8211; 16</p>

<p>Judith Pabelick, LL.M.Eur.RechtsanwältinFachanwältin für Arbeitsrecht Immermannstraße 1040210 Düsseldorf Tel.: 0211 &#8211; 248629 &#8211; 15Fax.: 0211 &#8211; 248629 &#8211; 16</p>
